{"id":2196,"date":"2025-05-16T23:49:19","date_gmt":"2025-05-16T23:49:19","guid":{"rendered":"https:\/\/keilaamo.fi\/?page_id=2196"},"modified":"2025-05-16T23:52:46","modified_gmt":"2025-05-16T23:52:46","slug":"elementor-2196","status":"publish","type":"page","link":"https:\/\/keilaamo.fi\/?page_id=2196","title":{"rendered":"Tietosuojaseloste"},"content":{"rendered":"\t\t<div data-elementor-type=\"wp-page\" data-elementor-id=\"2196\" class=\"elementor elementor-2196\">\n\t\t\t\t<div class=\"elementor-element elementor-element-7104abd e-flex e-con-boxed e-con e-parent\" data-id=\"7104abd\" data-element_type=\"container\">\n\t\t\t\t\t<div class=\"e-con-inner\">\n\t\t\t\t<div class=\"elementor-element elementor-element-e084f5c elementor-widget elementor-widget-text-editor\" data-id=\"e084f5c\" data-element_type=\"widget\" data-widget_type=\"text-editor.default\">\n\t\t\t\t<div class=\"elementor-widget-container\">\n\t\t\t\t\t\t\t\t\t<div id=\"page\" class=\"site\"><a class=\"skip-link screen-reader-text\" href=\"https:\/\/aimalanmaataloustarvike.fi\/index.php\/tietosuojaseloste\/#site-content\"><strong style=\"background-color: #ffffff; color: #3a3a3a; font-family: Georgia, 'Times New Roman', 'Bitstream Charter', Times, serif; font-size: 1.7em;\">Tietosuojaseloste<\/strong><\/a><main id=\"site-content\" class=\"site-content\" role=\"main\"><div class=\"elementor elementor-1899\" data-elementor-type=\"wp-page\" data-elementor-id=\"1899\"><div class=\"elementor-element elementor-element-1d70b9d2 e-flex e-con-boxed e-con e-parent\" data-id=\"1d70b9d2\" data-element_type=\"container\" data-settings=\"{&quot;content_width&quot;:&quot;boxed&quot;}\" data-core-v316-plus=\"true\"><div class=\"e-con-inner\"><div class=\"elementor-element elementor-element-26e2b38a elementor-widget elementor-widget-text-editor\" data-id=\"26e2b38a\" data-element_type=\"widget\" data-widget_type=\"text-editor.default\"><div class=\"elementor-widget-container\"><h2>Keit\u00e4 olemme?<\/h2><p>\u00a0<\/p><p>Verkkosivustomme osoite on: https:\/\/keilaamo.fi<\/p><p>Sivustosta vastaa Keilaamo Oy<\/p><p>\u00a0Sivuston tuottaa yritys: RaceReady Technologies<\/p><p>Sivuston yll\u00e4pidon tai tietosuojaan koskevista asioista ota yhteys: miko@racereadytechnologies.fi<\/p><h2>Mist\u00e4 saamme tiedot?<\/h2><div>Sivustollamme on yksi(1) lomake, joihin asiakas sy\u00f6tt\u00e4\u00e4 tarvittavat tiedot. Silloin asiakas hyv\u00e4ksyy, ett\u00e4 tiedot menev\u00e4t s\u00e4hk\u00f6postiin. Tiedot tallennetaan varauskalenteriin ajankohtaan asti.<\/div><p>\u00a0<\/p><h2>Mit\u00e4 tietoja ker\u00e4\u00e4mme ja mihin ne k\u00e4ytet\u00e4\u00e4n?<\/h2><div>Sivusto ei ker\u00e4\u00e4 tietoja lomakkeelta. Lomakkeen tiedot siirtyv\u00e4t suoraan info@keilaamo.fi s\u00e4hk\u00f6postiin ssl suojausta k\u00e4ytt\u00e4en.\u00a0<\/div><div>\u00a0<\/div><p>\u00a0<\/p><p>\u00a0<\/p><\/div><\/div><div class=\"elementor-element elementor-element-9d03d75 elementor-widget elementor-widget-text-editor\" data-id=\"9d03d75\" data-element_type=\"widget\" data-widget_type=\"text-editor.default\"><div class=\"elementor-widget-container\"><h2><strong>Ev\u00e4steet<\/strong><\/h2><h2>Tietoja t\u00e4st\u00e4 ev\u00e4stepolitiikasta<\/h2><p>T\u00e4m\u00e4 ev\u00e4stepolitiikka selitt\u00e4\u00e4, mit\u00e4 ev\u00e4steet ovat ja kuinka niit\u00e4 k\u00e4ytet\u00e4\u00e4n. Sinun tulee lukea t\u00e4m\u00e4 k\u00e4yt\u00e4nt\u00f6 ymm\u00e4rt\u00e4\u00e4ksesi mit\u00e4 ev\u00e4steet ovat, kuinka k\u00e4yt\u00e4mme niit\u00e4, ymm\u00e4rt\u00e4\u00e4ksesi eri ev\u00e4stetyyppej\u00e4, joita me k\u00e4yt\u00e4mme ja miten k\u00e4yt\u00e4mme ev\u00e4steiden avulla ker\u00e4\u00e4mi\u00e4mme tietoja ja miten ev\u00e4steasetuksia voidaan hallita.<\/p><p>Voit milloin tahansa muuttaa tai peruuttaa suostumuksesi verkkosivustollamme oleviin ev\u00e4steisiin.<br \/>Lis\u00e4tietoja tietosuojak\u00e4yt\u00e4nn\u00f6st\u00e4mme siit\u00e4, keit\u00e4 olemme ja kuinka voit ottaa meihin yhteytt\u00e4 l\u00f6ytyy meid\u00e4n tietosuojaselosteesta.<br \/>Suostumuksesi koskee seuraavia verkkotunnuksia: www.aimalanmaataloustarvike.fi<\/p><h2>Mit\u00e4 ev\u00e4steet ovat?<\/h2><p>Ev\u00e4steet ovat pieni\u00e4 tekstitiedostoja, joita k\u00e4ytet\u00e4\u00e4n pienten tietojen tallentamiseen. Ev\u00e4steet tallennetaan laitteellesi, kun verkkosivusto ladataan selaimeesi. N\u00e4m\u00e4 ev\u00e4steet auttavat meit\u00e4 saamaan verkkosivuston toimimaan oikein, tekem\u00e4\u00e4n verkkosivustosta turvallisemman, tarjoamaan paremman k\u00e4ytt\u00f6kokemuksen ja ymm\u00e4rt\u00e4m\u00e4\u00e4n verkkosivuston toimintakyky\u00e4 ja analysoimaan, mik\u00e4 toimii ja miss\u00e4 on parannettavaa.<\/p><h2>Kuinka k\u00e4yt\u00e4mme ev\u00e4steit\u00e4?<\/h2><p>Kuten suurin osa verkkopalveluista, verkkosivustomme k\u00e4ytt\u00e4\u00e4 ensimm\u00e4isen ja kolmannen osapuolen ev\u00e4steit\u00e4 useisiin tarkoituksiin. Ensimm\u00e4isen osapuolen ev\u00e4steet ovat enimm\u00e4kseen v\u00e4ltt\u00e4m\u00e4tt\u00f6mi\u00e4 verkkosivuston oikealle toiminnalle, eiv\u00e4tk\u00e4 ne ker\u00e4\u00e4 henkil\u00f6kohtaisia tietojasi.<\/p><p>Verkkosivuillamme k\u00e4ytettyj\u00e4 kolmansien osapuolien ev\u00e4steit\u00e4 k\u00e4ytet\u00e4\u00e4n p\u00e4\u00e4asiassa ymm\u00e4rt\u00e4m\u00e4\u00e4n verkkosivuston suorituskyky\u00e4, miten olette tekemisiss\u00e4 verkkosivustomme kanssa, pit\u00e4m\u00e4\u00e4n palvelumme turvallisina ja tarjoamaan kaiken kaikkiaan parempaa ja parannettua k\u00e4ytt\u00f6kokemusta ja auttaa nopeuttamaan tulevaa vuorovaikutustasi verkkosivustomme kanssa.<\/p><h2>Millaisia ev\u00e4steit\u00e4 k\u00e4yt\u00e4mme?<\/h2><p>Olennainen: Jotkut ev\u00e4steet ovat v\u00e4ltt\u00e4m\u00e4tt\u00f6mi\u00e4, jotta voit kokea sivustomme kaikki toiminnot. Niiden avulla voimme yll\u00e4pit\u00e4\u00e4 sivustoa ja est\u00e4\u00e4 tietoturvauhat. Ne eiv\u00e4t ker\u00e4\u00e4 tai tallenna henkil\u00f6kohtaisia tietoja. Esimerkiksi n\u00e4iden ev\u00e4steiden avulla voit kirjautua sis\u00e4\u00e4n WordPress-tilillesi ja k\u00e4ytt\u00e4\u00e4 hakupalkkia. Katso my\u00f6s WordPress-tietosuojak\u00e4yt\u00e4nt\u00f6 \/ ev\u00e4stek\u00e4yt\u00e4nt\u00f6 saadaksesi lis\u00e4tietoja. https:\/\/fi.wordpress.org\/about\/privacy\/cookies\/<\/p><p>Tilastot: N\u00e4m\u00e4 ev\u00e4steet tallentavat tietoja, kuten verkkosivustossa k\u00e4vij\u00f6iden lukum\u00e4\u00e4r\u00e4, mill\u00e4 verkkosivuston sivuilla olet k\u00e4ynyt, k\u00e4yntil\u00e4hde jne. N\u00e4m\u00e4 tiedot auttavat meit\u00e4 ymm\u00e4rt\u00e4m\u00e4\u00e4n ja analysoimaan verkkosivuston suorituskyky\u00e4 ja miss\u00e4 sit\u00e4 on parannettava. Emme k\u00e4yt\u00e4 suoraan mainoksia, mutta kolmansien osapuolien liit\u00e4nn\u00e4iset voivat ker\u00e4t\u00e4 analytiikkaa.<\/p><p>Toiminnallinen: N\u00e4m\u00e4 ovat ev\u00e4steet, jotka auttavat tiettyj\u00e4 ei-v\u00e4ltt\u00e4m\u00e4tt\u00f6mi\u00e4 toimintoja verkkosivustollamme. N\u00e4m\u00e4 toiminnot sis\u00e4lt\u00e4v\u00e4t sis\u00e4ll\u00f6n upottamisen, kuten videot, tai sis\u00e4ll\u00f6n jakamisen verkkosivustolle sosiaalisen median alustoilla.<\/p><p>Asetukset: N\u00e4m\u00e4 ev\u00e4steet auttavat meit\u00e4 tallentamaan asetukset ja selausasetukset, kuten kieliasetukset, jotta sinulla olisi parempi ja tehokkaampi kokemus tulevista verkkosivustovierailuista.<\/p><h2>Kuinka voin hallita ev\u00e4steasetuksia?<\/h2><p>Jos p\u00e4\u00e4t\u00e4t muuttaa asetuksiasi my\u00f6hemmin selausistunnon aikana, voit napsauttaa ruudun \u201dEv\u00e4steasetukset\u201d -nappia. N\u00e4ytt\u00f6\u00f6n tulee j\u00e4lleen suostumusilmoitus, jonka avulla voit muuttaa mieltymyksi\u00e4si tai peruuttaa suostumuksesi kokonaan.<\/p><p>T\u00e4m\u00e4n lis\u00e4ksi eri selaimet tarjoavat erilaisia tapoja est\u00e4\u00e4 ja poistaa verkkosivustojen k\u00e4ytt\u00e4mi\u00e4 ev\u00e4steit\u00e4. Voit muuttaa selaimesi asetuksia est\u00e4m\u00e4\u00e4n \/ poistamaan ev\u00e4steet. Lis\u00e4tietoja ev\u00e4steiden hallinnasta ja poistamisesta saat osoitteesta wikipedia.org, www.allaboutcookies.org.<\/p><\/div><\/div><div class=\"elementor-element elementor-element-6029cd9 e-flex e-con-boxed e-con e-child\" data-id=\"6029cd9\" data-element_type=\"container\" data-settings=\"{&quot;content_width&quot;:&quot;boxed&quot;}\">\u00a0<\/div><\/div><\/div><\/div><\/main><footer id=\"colophon\" class=\"site-footer site-footer--1 \"><div class=\"site-footer__inner max-w-wide m-auto text-center\"><a class=\"social-icons__icon\" href=\"https:\/\/www.tiktok.com\/@aimalanmaataloustarvike\" target=\"_blank\" rel=\"noopener noreferrer\" aria-label=\"Open TikTok in a new tab\"><span class=\"screen-reader-text\">Open TikTok in a new <\/span><\/a><\/div><\/footer><\/div>\t\t\t\t\t\t\t\t<\/div>\n\t\t\t\t<\/div>\n\t\t\t\t\t<\/div>\n\t\t\t\t<\/div>\n\t\t\t\t<\/div>\n\t\t","protected":false},"excerpt":{"rendered":"<p>Tietosuojaseloste Keit\u00e4 olemme? \u00a0 Verkkosivustomme osoite on: https:\/\/keilaamo.fi Sivustosta vastaa Keilaamo Oy \u00a0Sivuston tuottaa yritys: RaceReady Technologies Sivuston yll\u00e4pidon tai tietosuojaan koskevista asioista ota yhteys: miko@racereadytechnologies.fi Mist\u00e4 saamme tiedot? Sivustollamme on yksi(1) lomake, joihin asiakas sy\u00f6tt\u00e4\u00e4 tarvittavat tiedot. Silloin asiakas hyv\u00e4ksyy, ett\u00e4 tiedot menev\u00e4t s\u00e4hk\u00f6postiin. Tiedot tallennetaan varauskalenteriin ajankohtaan asti. \u00a0 Mit\u00e4 tietoja ker\u00e4\u00e4mme ja [&hellip;]<\/p>\n","protected":false},"author":1,"featured_media":0,"parent":0,"menu_order":0,"comment_status":"closed","ping_status":"closed","template":"","meta":{"site-sidebar-layout":"no-sidebar","site-content-layout":"page-builder","ast-site-content-layout":"full-width-container","site-content-style":"default","site-sidebar-style":"default","ast-global-header-display":"","ast-banner-title-visibility":"","ast-main-header-display":"","ast-hfb-above-header-display":"","ast-hfb-below-header-display":"","ast-hfb-mobile-header-display":"","site-post-title":"disabled","ast-breadcrumbs-content":"","ast-featured-img":"disabled","footer-sml-layout":"","theme-transparent-header-meta":"","adv-header-id-meta":"","stick-header-meta":"","header-above-stick-meta":"","header-main-stick-meta":"","header-below-stick-meta":"","astra-migrate-meta-layouts":"set","ast-page-background-enabled":"default","ast-page-background-meta":{"desktop":{"background-color":"","background-image":"","background-repeat":"repeat","background-position":"center center","background-size":"auto","background-attachment":"scroll","background-type":"","background-media":"","overlay-type":"","overlay-color":"","overlay-opacity":"","overlay-gradient":""},"tablet":{"background-color":"","background-image":"","background-repeat":"repeat","background-position":"center center","background-size":"auto","background-attachment":"scroll","background-type":"","background-media":"","overlay-type":"","overlay-color":"","overlay-opacity":"","overlay-gradient":""},"mobile":{"background-color":"","background-image":"","background-repeat":"repeat","background-position":"center center","background-size":"auto","background-attachment":"scroll","background-type":"","background-media":"","overlay-type":"","overlay-color":"","overlay-opacity":"","overlay-gradient":""}},"ast-content-background-meta":{"desktop":{"background-color":"var(--ast-global-color-5)","background-image":"","background-repeat":"repeat","background-position":"center center","background-size":"auto","background-attachment":"scroll","background-type":"","background-media":"","overlay-type":"","overlay-color":"","overlay-opacity":"","overlay-gradient":""},"tablet":{"background-color":"var(--ast-global-color-5)","background-image":"","background-repeat":"repeat","background-position":"center center","background-size":"auto","background-attachment":"scroll","background-type":"","background-media":"","overlay-type":"","overlay-color":"","overlay-opacity":"","overlay-gradient":""},"mobile":{"background-color":"var(--ast-global-color-5)","background-image":"","background-repeat":"repeat","background-position":"center center","background-size":"auto","background-attachment":"scroll","background-type":"","background-media":"","overlay-type":"","overlay-color":"","overlay-opacity":"","overlay-gradient":""}},"footnotes":""},"class_list":["post-2196","page","type-page","status-publish","hentry"],"_links":{"self":[{"href":"https:\/\/keilaamo.fi\/index.php?rest_route=\/wp\/v2\/pages\/2196","targetHints":{"allow":["GET"]}}],"collection":[{"href":"https:\/\/keilaamo.fi\/index.php?rest_route=\/wp\/v2\/pages"}],"about":[{"href":"https:\/\/keilaamo.fi\/index.php?rest_route=\/wp\/v2\/types\/page"}],"author":[{"embeddable":true,"href":"https:\/\/keilaamo.fi\/index.php?rest_route=\/wp\/v2\/users\/1"}],"replies":[{"embeddable":true,"href":"https:\/\/keilaamo.fi\/index.php?rest_route=%2Fwp%2Fv2%2Fcomments&post=2196"}],"version-history":[{"count":7,"href":"https:\/\/keilaamo.fi\/index.php?rest_route=\/wp\/v2\/pages\/2196\/revisions"}],"predecessor-version":[{"id":2203,"href":"https:\/\/keilaamo.fi\/index.php?rest_route=\/wp\/v2\/pages\/2196\/revisions\/2203"}],"wp:attachment":[{"href":"https:\/\/keilaamo.fi\/index.php?rest_route=%2Fwp%2Fv2%2Fmedia&parent=2196"}],"curies":[{"name":"wp","href":"https:\/\/api.w.org\/{rel}","templated":true}]}}